137 - 62)?
65
Evaluate -10 + (-1 - -4) + (10 - 26 - 13) + 175.
139
Calculate (8 - 13 - (6 - (-1 - -21))) + 3.
12
(17 + 1 - 2) + (-356 - -347) - (1 - -19)
-13
Calculate -49 + -4 - (2 + -7 + (1 - -10) - 12).
-47
Calculate 21 + 12 + -39 - -49.
43
Calculate (37 - -12) + (10 - ((-3 + 6 - -3) + 0)).
53
Calculate 193 + -187 - (6 - 6 - -31).
-25
What is the value of -1 + 4 + -31 + 130 + -86 - (119 + -5)?
-98
What is the value of -17 - -61 - (33 - -27 - 28)?
12
Evaluate (18 - 1) + -335 + 443 + -33 + -2.
90
-13 - -1 - (4031 + -4027)
-16
What is -56 + (-48 - (-47 + -103))?
46
Calculate 5096 + -5094 + (-2 + 0 + 3 + -1 - -41).
43
Calculate 4 - -16 - (76 + -16).
-40
Calculate (1069 - 1081) + (3 - (6 - -2)).
-17
What is the value of 20 - 25 - (2 + 2) - (-250 - -343)?
-102
What is 1 - (-80 - -42 - -65)?
-26
Calculate (37 - 39) + (-4 - -2 - 23).
-27
Evaluate 4238 + -4298 - (-50 - 2).
-8
(-1 - -1) + -45 - (-1 + 38 + (9284 - 9316))
-50
What is -1 + -8 + 2 + (30 - 21 - 41)?
-39
What is the value of (-1 - -17) + -7 + -9 + (124 - 114)?
10
Evaluate (18 - ((37 - 10) + 5)) + 33.
19
What is -49 - (0 - 4) - -9?
-36
What is the value of -11 + (33 - 49 - -24) + 48?
45
Evaluate 1 + (-10 - (-5 - 21)) + (20 - -2).
39
Evaluate -31 + (-1 - -8) + (-8 - 8).
-40
Calculate 26 + 11 + -2 - -44.
79
Calculate 39 + 44 + -96 + -29.
-42
What is -19 + -8 + 29 + 51?
53
Calculate 15 - (60 + -29 + 30).
-46
Calculate 31 - ((110 - 0) + (-243 - -259)).
-95
(-8 + 1 - 3) + (125 - 150 - (-2 - -7))
-40
What is the value of (-25 - -166) + (-924 - -773)?
-10
Calculate 701 - 808 - (-1 - -12) - 39.
-157
What is the value of 0 + -31 - (-59 - -101 - 5)?
-68
Evaluate (-8 - 88) + (38 + 5 - (-8 + 34)).
-79
-24 - (-12 - 4) - (-32 + 0 + (38 - 43))
29
What is (99 - 105) + (-3 - -1) + 3 - -51?
46
Calculate 790 - 740 - (-2 - -5).
47
19 - ((16 - 11) + (-6 - (0 - 11))) - -45
54
Evaluate 15 + -65 + -30 + -9 + 25.
-64
37 - (-15 + -2 + (5 - 2)) - -18
69
What is -16 - (-39 + 52) - -50?
21
Calculate (6 - -35) + 0 + (-32 - -27 - -25 - 9).
52
What is 27 - (-24 - (-16 - 24))?
11
Evaluate (10 - ((12 - 14) + -2 + (-15 - -11))) + 12.
30
Evaluate (-18 + -56 + -22 - -2) + 17.
-77
Calculate 107 + -3 + 179 + -226.
57
(3 + -1 - (-35 + 9 + 36) - -15) + 35
42
What is -8 - 18 - -125 - (-38 - -39)?
98
Calculate 1 + 2 - (6 + 2 + 3 + -2 - 47).
41
Calculate -58 - (25 + -90) - (0 - -26) - -21.
2
What is the value of -1 + -3 + 11 + (13 - 5) + -24?
-9
Evaluate 44 - (65 - 13) - (14 - 5).
-17
Calculate 0 + -10 - (5 + 4 + -13 + 27 - 0).
-33
34 + 41 + 5 - 31
49
What is 20 + -170 + 39 - (-6 + 20 - 0)?
-125
Calculate (1 - -38) + (-19 - -27 - (1 - -22 - 7)).
31
What is the value of -19 + (24 + -12 - (29 - (-7 - -13)))?
-30
What is the value of -30 + 7 + -40 - (-11 - (5 + -7))?
-54
Evaluate 1234 - 1213 - (0 - 11 - 0).
32
What is the value of 39 + (-23 + 20 + -83 - 0)?
-47
Evaluate 0 + -2 + 1 + -124 + 111 - (-4 - -6).
-16
Evaluate 24 + -1 + -60 + (5 + -3 - -1 - -8).
-26
Calculate (32 - (-35 + 27)) + (0 - -9) + -3.
46
Calculate (12 - (21 - -10)) + (2 - -8).
-9
Calculate (71 - 71) + (17 - (7 - (3 + -1))).
12
What is (-219 - -227) + (7 + -6 - -3 - 42)?
-30
Calculate -61 - (-2 + (-3 - (-2 - -11 - (-17 + 23)))).
-53
-39 + 15 + 6 + (3 - 9 - -7) + -7
-24
What is (11 - (-1 - -4)) + (-2 - ((29 - 6) + -5))?
-12
-62 + 1 + 0 + 4 - (1561 + -1559)
-59
Calculate 7 - (-16 - (-1 - -1 - (-9 - (-21 - 0)))).
11
What is the value of (10 - -1) + (4627 - 4669)?
-31
What is the value of -45 + -13 + (43 - (-8 - -27))?
-34
What is -22 - -2 - (-38 - -102 - 82)?
-2
Calculate (66 - (14 + -1 + -5)) + (16 - 9).
65
What is the value of 92 - (3 - 2 - (-5 - -11) - (-26 - -24))?
95
What is (24 - (-28 + 37) - (100 + -4)) + (-1 - -16)?
-66
(1 + 4 - (0 - -7)) + 12 - (-12 - -2)
20
What is -37 + 42 + (-16 - (0 - 2)) - 32?
-41
Evaluate (3 - -35) + -16 + 12 + 1 + (-15 - -8).
28
What is 15 + 12 + -148 + 90 - 39?
-70
What is the value of 48 - (-24 - (19 - 69))?
22
What is the value of 40 + 12 + -7 + 9 + -6 - -3?
51
(-9 + 2 + 13 - -3 - -2) + (128 - 23)
116
Evaluate 290 + -181 + (64 - 75).
98
Evaluate -72 + -94 + (10 - -180).
24
Calculate (37 - -2) + -34 + 1 + 14.
20
Calculate 0 + (0 - 98) - (-145 + 117 - (4 - 28)).
-94
What is the value of 16 + -20 + 31 + (-25 - -10)?
12
Evaluate 65 + 0 + (-16 - -30 - 13) + (-14 - -7).
59
What is the value of 1826 + -1812 + (-5 - -63)?
72
Evaluate 10 + 3 + 4 + 3 + -56 + 7.
-29
What is -32 - (-14 - -1 - (63 - 85))?
-41
Calculate (20 - 7) + 26 - (42 + 93).
-96
-82 + 78 + -48 + (-11 - (-10 - -5))
-58
Evaluate -2 + (-1 - (-6 - -13)) + (-12 - (15 + 58)).
-95
Calculate (41 - (46 - (75 - 36))) + -61.
-27
Evaluate 17 - (11 - (14 - -18)).
38
Calculate 20 + 16 + (52 - 24).
64
What is (-58 - -36 - -24) + 15?
17
What is the value of -11 + (13 - 25) + (-10 - (-12 + -9))?
-12
Evaluate -90 - (-9 + -2) - (34 + -53).
-60
Calculate -117 - -56 - -200 - 32.
107
What is (-8 - (-5 + 23 + -12)) + -10 + 21?
-3
What is 27 + 58 + ((-5 - (5 + -5)) + 5 - 1)?
84
-80 + (24 - 6) + -9 + 0 + 13 + -12
-70
What is (34 + -18 - 7) + -52 + 125 + 0 + 0?
82
Calculate 8 + (-1 + 0 + 10 - (-797 - -801)) + -32.
-19
Calculate -9 + (9 + -11 - 17) + 10 + -6.
-24
Evaluate 1 + (-2 + 8 - 14) + 6 + -2.
-3
(57 - (-51 + 76)) + 54
86
Calculate -4 + -15 + 13 + -3 + 72 - -14.
77
What is the value of (4 - 8 - (-10 + 6)) + (-9 - 31 - -37)?
-3
(9 - (-9 + (9 - -5))) + 47 + -6
45
Calculate (-257 + 249 - (-2 + -5)) + -66.
-67
-17 + -1 - ((38 - 11) + -76)
31
What is the value of 7 + -3 + -9 + (-1 - (8 + -71)) + 11?
68
Calculate 4 + (-10 - -5) - (1 + (-43 - (11 - -4))).
56
What is the value of 15 - ((41 - -18) + -9) - (-1 + 12)?
-46
Evaluate -29 + 93 + 28 + -56.
36
Evaluate 10 + -20 + 4 + (51 - 57) + 15 + -137.
-134
Evaluate -2 - ((0 - -1) + 45 + -28).
-20
Evaluate (-1687 - -1662) + -1 + -30.
-56
Evaluate 10 - (40 + (32 - 173)) - -7.
118
-271 + 243 - (6 - (4 - -42))
12
0 + 22 + 57 + (-69 - 12) + -65 + -1
-68
Calculate -1 + -1 + 7 - (-7081 - -6995).
91
(4 - (-2 - -13)) + 14 - (3 + 3 + 23)
-22
What is the value of 3 - (-3 - 8) - (23 + (28 - -25 - 9))?
-53
What is the value of (-41 - 1) + (-43 + 49 + 4 - (13 + -1))?
-44
(0 - -36) + (221 - 261 - 55)
-59
What is 2 + 2 - (11 - (6 - -6 - 14)) - 7?
-16
Evaluate 28 - (47 + -4 + 24 - 35).
-4
What is the value of 144 - -1 - 6 - (1 + -16 + 22) - 2?
130
Evaluate -6 + -43 + 84 + -1.
34
34 - 56 - 14 - -68
32
Evaluate (-18 - -26) + 21 - -34 - 3.
60
What is 27 - ((-95 - -32) + 115)?
-25
10 + 3 + (-2 - 0) + -10 - 34
-33
Evaluate 117 + (18 - (13 - 12 - -12) - (32 - 17)).
107
Calculate (3 - -1) + (-48 + 48 - 19).
-15
(-39 - 3) + 43 + 32
33
What is -68 - -106 - (10 + 27)?
1
What is the value of 4 + 1 + -1 + 6 + -6 + (-643 - -622)?
-17
Evaluate (-42 - -2 - 2) + (16 - -7) + -7 + -8.
-34
-2 - 33 - (14 - (-1 + 7 + 19))
-24
3587 + -3585 + (0 - 15) + 0
-13
Evaluate (-35 + -1 + (23 - -3) - (0 - 2)) + -28.
-36
What is 9 - -1 - (-62 - -23 - -67)?
-18
Evaluate -10 - 24 - (5 + 6) - (13 - 1).
-57
-27 - (3 + 54 + (41 - 69))
-56
What is the value of (-12 - -28 - 25 - -7) + -46?
-48
What is (-5 - (-2 - 9) - -8) + 27 + -21 + -4?
16
Evaluate 16 + (17 - (14 + -19)) + 16.
54
What is the value of 26 + 2 + -10 - (-41 - 23)?
82
Calculate -69 + (84 - -116) - 182.
-51
Calculate 44 + (-47 - -40) - -21.
58
Calculate -5789 - -5770 - (-1 - (-25 - -1)).
-42
What is -1 + 21 + 1 + -6 + 216 + -181?
50
Calculate -42 - (22 - (25 - (40 - 20) - -8)).
-51
Evaluate 864 + -860 - (62 - -1 - (2 + -2) - 0).
-59
What is the value of -21 + -1 + 0 + 14203 + -14140?
41
(18 - 23 - 10 - -3) + 22 + -47
-37
7 - 18 - (-6 + (-15 - -15) + -1)
-4
What is the value of -42 - -109 - (25 - -21)?
21
What is 93 - 76 - 4 - 39?
-26
Evaluate 0 - (-22 + 3 + 13) - (15 + -75).
66
10 + 0 - (-4 + 85 - 11 - 8)
-52
Calculate (1079 - 1113 - (1 - 19)) + 35.
19
-15 + (13 - (-5 + 7 + 10)) - -43
29
What is (5 - (-28 - -51)) + (-4 - 13)?
-35
Calculate -2943 - -2931 - (-1 + 3 + 4 + -14).
-4
Calculate -2 + 1 + (14 - (12 - (5 + -7))).
-1
-153 + -21 + 83 - -34
-57
Evaluate -8 + 57 + 2 - (-7 - (-12 + -12 + 28)).
62
Calculate -2 - (-3 + 0) - 22 - (38126 - 38070).
-77
Evaluate -29 + 0 - (16 + -48 + (21 - 9) - -9).
-18
Calculate -54 + 3 + 23 + (-34 - -17 - -15).
-30
What is -2 + 45 - -3 - (9766 + -9855)?
135
Evaluate -74 - -157 - ((3 + 0 - 3) + -2 + 9).
76
-36 + (21 - -